greatest common factor of 70 and i.
14
Suppose -1201 = -5*l - 321. Suppose -l = -3*m + 4. Calculate the greatest common factor of m and 40.
20
Suppose 3*c - 4*c - q - 47 = 0, c - q + 47 = 0. Let m = c - -59. Calculate the highest common divisor of m and 6.
6
Let c be (-4)/8 + 612/8. Let i(s) = -56*s**3 + 2*s**2 + s. Let b be i(-1). Calculate the highest common divisor of c and b.
19
Let u(c) = 22*c**3 - 3*c**2 + 4*c - 2. Let n be u(2). Calculate the greatest common factor of 34 and n.
34
Let y be ((-4)/30*-3)/(6/45). Let z be 22*(12/8 + 0). Calculate the greatest common factor of y and z.
3
Suppose -4 = -f, -w + 8*f - 4*f = 4. Suppose 18*u - 23*u = -15. Suppose 4*n + s = 3*n + 14, -u*n = -3*s - 30. Calculate the greatest common factor of w and n.
12
Suppose -65 = 9*z - 200. What is the greatest common factor of 615 and z?
15
Suppose -3*l + 1084 = -3914. What is the highest common factor of l and 14?
14
Let z = 1 + 7. Suppose 0 = -4*w + 4*c + z + 20, -2*c - 28 = -4*w. Suppose -5*r - 256 = -w*r. What is the highest common divisor of r and 16?
16
Let b = 11 - 15. Let o be 27/(177/42 + b). What is the highest common factor of o and 18?
18
Let r = -5 - -1. Let f be (-99)/(-15) + r/(-10). Suppose 96 = 6*a + 54. Calculate the greatest common divisor of f and a.
7
Suppose h = -2*c + 9 + 20, 3*h - 3 = c. Let a(g) = g**2 - 11*g - 5. Let w be a(c). Let f = 4 + 3. What is the greatest common factor of w and f?
7
Let p = 265 - 226. What is the highest common factor of 48 and p?
3
Let x = -188 + 198. What is the greatest common divisor of 20 and x?
10
Let f = 111 + -108. Let w be f - (-3)/(9/51). Calculate the greatest common factor of w and 20.
20
Let q be ((-226)/(-791))/(2/322). Calculate the highest common divisor of q and 1150.
46
Let x be 4 - (0 - 1/(-1)). Suppose x*l - 965 = 5*p, -l + 441 = p + 122. Calculate the greatest common divisor of 40 and l.
40
Let r = -57 + 89. Suppose -5*h + 137 = r. Calculate the highest common factor of 42 and h.
21
Suppose -33 = -4*c + 3*x, 10*c - 12*c = -x - 15. Let d = 46 + -10. What is the highest common divisor of d and c?
6
Let b = 466 + -79. Calculate the greatest common divisor of 27 and b.
9
Suppose -3*s + 63 - 3 = 0. What is the highest common factor of s and 50?
10
Let n be 3462/9 - (-3)/((-54)/(-6)). Calculate the greatest common divisor of 140 and n.
35
Suppose 50 = -t + 6*t. Let d be ((-16)/(-5))/((-2)/t). Let y(m) = -m**3 - 15*m**2 + 11*m - 23. Let a be y(d). Calculate the highest common factor of 38 and a.
19
Suppose 3*f = -p + 23, -5*f - 9 + 53 = 2*p. Suppose -43 = -15*r + p. What is the highest common divisor of r and 52?
4
Let b be (-2)/(-6) - 20/(-3). Suppose 4*u - 39 + 16 = 5*t, 5*u - t = 34. Calculate the highest common divisor of b and u.
7
Suppose 0 = -2*v + 3*g + 33, -2*v + 2*g = 3*g - 21. What is the highest common factor of 63 and v?
3
Let y be 2/14 - (-696)/(-21). Let v = -19 - y. Let f = v - 12. Calculate the highest common factor of 2 and f.
2
Let r(u) = 10*u - 425. Let a be r(43). Suppose 2*m = -4*g + 3*m + 159, -164 = -4*g - 4*m. What is the greatest common factor of g and a?
5
Let l be -1 + 6 - 0 - (-455)/35. What is the greatest common factor of l and 372?
6
Suppose -6*n + 2*n = 0. Let j(c) = -4*c + c + 4 + 7 + 2*c. Let y be j(n). What is the highest common factor of 88 and y?
11
Suppose -4*w + 96 = 16. Let q be (-24)/10*(-1950)/w. What is the greatest common factor of 26 and q?
26
Let p = 531 - 521. What is the highest common factor of p and 10?
10
Let m(f) = f**2 - 6*f - 3. Let k be m(-2). Calculate the greatest common factor of k and 1495.
13
Suppose 4*j - 2*v - 70 = 0, 47*j - 51*j + 55 = 3*v. Calculate the highest common divisor of 592 and j.
16
Suppose 64*u + 15*u - 316 = 0. Calculate the greatest common factor of u and 76.
4
Suppose 13 = n - 37. Suppose -11*i + n = -i. What is the highest common divisor of i and 5?
5
Let z be 4/(-3) + (-8084)/(-141). What is the highest common factor of z and 868?
28
Let t be 5*1 + (12 - (-135)/(-9)). Suppose -h + 5*h = 32. Calculate the greatest common factor of t and h.
2
Let w be 7/(-1 + 36/33). Let s be (w/(-55))/(1/(-5)). Suppose s*u - 2*u - 455 = 0. What is the greatest common factor of u and 13?
13
Suppose -355 = -5*s + 5*c, 2*s - 2*c + 278 = 6*s. Let a(u) = -u**3 + 4*u**2 + 55*u - 2. Let b be a(-6). What is the highest common divisor of s and b?
14
Suppose 72 = 2*r + 2*r - 2*g, 0 = 4*g - 16. Let y(c) = 45*c**2 + c + 2. Let n be y(-2). Calculate the highest common divisor of r and n.
20
Let b(m) = 10*m - 48. Suppose l + 0*f - 5*f + 14 = 0, -3*l = -5*f + 2. Let a be b(l). Calculate the greatest common divisor of a and 36.
12
Suppose 96*d - 83*d = 169. What is the highest common factor of 104 and d?
13
Let k = 2 + 2. Let z(d) = 3 - 2 - 4 + 50*d + k. Let t be z(1). What is the greatest common factor of 17 and t?
17
Suppose 35*r - 275 = 2035. Calculate the greatest common divisor of 231 and r.
33
Let x(j) = 19 - j - 5 + 1. Let d be x(6). What is the greatest common divisor of 3 and d?
3
Let r(y) be the third derivative of y**6/120 - y**5/15 + y**3 + y**2. Let h be r(4). Let b = 13 - h. Calculate the highest common factor of 14 and b.
7
Let p(k) = -3*k - 25. Let z be p(-10). Suppose -2*x + x = 3*u - 9, -z*u - 2*x = -16. What is the highest common divisor of u and 10?
2
Let q = -1 - -29. Let k be 74/12 + (q/24)/(-7). Calculate the highest common factor of 66 and k.
6
Suppose 0 = 7*r - 55 - 29. What is the greatest common divisor of r and 60?
12
Let u be 0/(4 - (3 - -3)). Suppose -5*m = p - 57, -4*m + 40 = -2*p - u*p. Calculate the greatest common factor of 33 and m.
11
Suppose -20 = -d + 5*j, -3 = -d - 2*j + 17. What is the highest common factor of d and 180?
20
Let k(g) = -4*g**3 + 2*g**2 - 11*g - 46. Let h be k(-5). Calculate the highest common divisor of h and 43.
43
Suppose 0 = 4*g + w + 2*w - 119, -4*g + 3*w = -137. Let x = -4 + g. Calculate the greatest common factor of x and 42.
14
Let v = -67 + 186. What is the greatest common factor of 34 and v?
17
Suppose -3*l - 2*l + u = -26, -2*l = 5*u - 5. Suppose s - l*s = -196. Calculate the greatest common divisor of 7 and s.
7
Suppose 5*g - 7 = -p, 3*p = -4*g + 4*p + 11. Let d = -1054 - -1057. What is the highest common divisor of g and d?
1
Let v(c) = -c**3 + 24*c**2 - 20*c - 42. Let g be v(23). Let s be (2/(-1))/((-2)/8). Suppose s = -5*n + 53. Calculate the highest common factor of g and n.
9
Suppose 2 = -3*z - 4, -2*r + 6 = -5*z. Let j be -1 - r - (-130 + -4). What is the greatest common factor of j and 15?
15
Suppose d - 24 = -8. Let x = 71 + -69. Let b be x/(-3) - 15/((-360)/112). What is the greatest common divisor of d and b?
4
Let a be 13 - (-3)/(6/4). Let l(k) = 24*k**2 + 9*k - 18. Let o be l(-2). Calculate the highest common factor of o and a.
15
Let a be (-1890)/(-9) - (-3 - 0). Let d be (21/(-12))/(-7) + a/12. Calculate the greatest common divisor of d and 42.
6
Let c(q) = -q**3 - q**2 + 17. Let k be c(0). Suppose -5*b + 206 = -2799. Suppose -57 + b = 4*y. What is the greatest common factor of k and y?
17
Suppose 4*j - b = 2*j + 114, 62 = j + 2*b. Suppose 0 = 8*g - j - 70. What is the greatest common factor of g and 8?
8
Suppose 3*g - 2*a - 16 = 0, 4*g - 8*a = -5*a + 21. Suppose -18*l + 432 = -g*l. Calculate the highest common divisor of 9 and l.
9
Let v(g) be the second derivative of -g**4/12 + 5*g**3/6 + 2*g**2 - 117*g. Let q = 2 - -2. Let o be v(q). What is the highest common divisor of 16 and o?
8
Let s(h) = 2*h**2 - 30*h + 55. Let d be s(13). Calculate the highest common divisor of 12 and d.
3
Suppose -4*m - 85 = -2*q - 9*m, 3*m = -5*q + 222. What is the highest common divisor of q and 315?
45
Let x = -15 + 17. Suppose 0 = 4*q - 4*o - 20, -3*o = 5*q - x*o - 55. What is the greatest common divisor of 15 and q?
5
Suppose 6 = -2*o + 2. Let q be (3 - (4 + -3)) + o. Let z be 3 + q - 0 - -27. What is the highest common divisor of z and 12?
6
Let f be (3 - (0 - -2))/((-6)/(-192)). Calculate the greatest common divisor of 176 and f.
16
Suppose -30 = -2*a - 3*a. Let m(o) = o**2 - 5*o + 36. Let n be m(a). What is the greatest common factor of n and 56?
14
Let f = 67 - 44. Suppose -2*w = 4*g - 1108, -2*w + 8 = 2*w. Suppose 94*h - 98*h = -g. What is the highest common factor of h and f?
